s the millions digit of 172673251?
2
What is the ten thousands digit of 32493299?
9
What is the hundred millions digit of 101035908?
1
What is the units digit of 435835832?
2
What is the billions digit of 1666230318?
1
What is the hundred thousands digit of 119244561?
2
What is the hundred millions digit of 954966767?
9
What is the hundred millions digit of 1285299207?
2
What is the millions digit of 497064306?
7
What is the tens digit of 914271666?
6
What is the millions digit of 7892688?
7
What is the millions digit of 1182405585?
2
What is the ten millions digit of 139923045?
3
What is the ten millions digit of 1101395674?
0
What is the units digit of 19091787?
7
What is the tens digit of 868735308?
0
What is the millions digit of 15142986?
5
What is the ten millions digit of 91954027?
9
What is the ten thousands digit of 1756212452?
1
What is the ten millions digit of 595665775?
9
What is the hundreds digit of 32253217?
2
What is the hundred thousands digit of 138359685?
3
What is the thousands digit of 3403707584?
7
What is the units digit of 1345851959?
9
What is the tens digit of 31864128?
2
What is the hundred millions digit of 118933977?
1
What is the thousands digit of 17380625?
0
What is the hundred thousands digit of 1947634039?
6
What is the ten millions digit of 24417484?
2
What is the hundred millions digit of 1900026400?
9
What is the units digit of 538899582?
2
What is the thousands digit of 339753513?
3
What is the ten thousands digit of 251694437?
9
What is the millions digit of 948811147?
8
What is the tens digit of 1079249987?
8
What is the thousands digit of 613555126?
5
What is the ten thousands digit of 181904867?
0
What is the units digit of 192945625?
5
What is the ten thousands digit of 41706947?
0
What is the tens digit of 74935387?
8
What is the units digit of 111265137?
7
What is the units digit of 40184192?
2
What is the tens digit of 814624?
2
What is the units digit of 27886320?
0
What is the thousands digit of 982589177?
9
What is the ten millions digit of 56652766?
5
What is the ten thousands digit of 1356003574?
0
What is the thousands digit of 109388039?
8
What is the billions digit of 2282133160?
2
What is the millions digit of 2045574173?
5
What is the units digit of 81443273?
3
What is the tens digit of 488660460?
6
What is the ten millions digit of 59330407?
5
What is the tens digit of 407674397?
9
What is the tens digit of 6827367090?
9
What is the millions digit of 32390224?
2
What is the ten millions digit of 3955841635?
5
What is the tens digit of 406582214?
1
What is the units digit of 47394639?
9
What is the ten millions digit of 52668870?
5
What is the ten millions digit of 2106315386?
0
What is the tens digit of 4402503965?
6
What is the thousands digit of 209541722?
1
What is the units digit of 1074727?
7
What is the millions digit of 95741700?
5
What is the hundreds digit of 79109882?
8
What is the hundred thousands digit of 51026121?
0
What is the billions digit of 3990509781?
3
What is the units digit of 700786492?
2
What is the hundred thousands digit of 2525879535?
8
What is the thousands digit of 530509356?
9
What is the hundred millions digit of 272028870?
2
What is the thousands digit of 2008385096?
5
What is the ten millions digit of 172866034?
7
What is the tens digit of 46479559?
5
What is the ten thousands digit of 851440273?
4
What is the ten millions digit of 135188427?
3
What is the millions digit of 85724215?
5
What is the ten thousands digit of 1350236369?
3
What is the ten thousands digit of 409736051?
3
What is the hundreds digit of 208021772?
7
What is the hundreds digit of 854543027?
0
What is the tens digit of 6136082560?
6
What is the tens digit of 258203365?
6
What is the ten thousands digit of 67863602?
6
What is the billions digit of 1757178689?
1
What is the thousands digit of 3812202?
2
What is the hundred millions digit of 1213387870?
2
What is the ten millions digit of 133487078?
3
What is the units digit of 150568749?
9
What is the hundred thousands digit of 550530037?
5
What is the thousands digit of 5680815074?
5
What is the hundred thousands digit of 1615112718?
1
What is the hundreds digit of 132815886?
8
What is the hundred thousands digit of 185032256?
0
What is the units digit of 2315980778?
8
What is the tens digit of 3793843971?
7
What is the ten millions digit of 35712706?
3
What is the hundreds digit of 600031266?
2
What is the thousands digit of 30966175?
6
What is the hundred thousands digit of 577187037?
1
What is the tens digit of 109696751?
5
What is the billions digit of 1939694824?
1
What is the millions digit of 81141162?
1
What is the hundred millions digit of 1245775226?
2
What is the units digit of 97975840?
0
What is the units digit of 354376988?
8
What is the hundreds digit of 872418338?
3
What is the hundred thousands digit of 265464079?
4
What is the ten thousands digit of 892873469?
7
What is the hundreds digit of 283708331?
3
What is the tens digit of 1112179354?
5
What is the ten thousands digit of 168384916?
8
What is the millions digit of 70630534?
0
What is the thousands digit of 48431234?
1
What is the hundred thousands digit of 41770171?
7
What is the ten millions digit of 75561568?
7
What is the hundreds digit of 128592756?
7
What is the thousands digit of 9856636?
6
What is the millions digit of 1904926886?
4
What is the billions digit of 1807979531?
1
What is the thousands digit of 333659298?
9
What is the thousands digit of 4472919138?
9
What is the tens digit of 83720681?
8
What is the tens digit of 626809130?
3
What is the units digit of 8658086?
6
What is the thousands digit of 91209173?
9
What is the millions digit of 2999735192?
9
What is the tens digit of 486193293?
9
What is the ten thousands digit of 37189267?
8
What is the millions digit of 3014578045?
4
What is the tens digit of 81530572?
7
What is the units digit of 141886445?
5
What is the tens digit of 35410327?
2
What is the thousands digit of 67903912?
3
What is the millions digit of 113097561?
3
What is the tens digit of 856356116?
1
What is the ten thousands digit of 95471604?
7
What is the ten thousands digit of 79905532?
0
What is the hundred millions digit of 489658328?
4
What is the millions digit of 35570129?
5
What is the hundreds digit of 343019963?
9
What is the units digit of 4703463?
3
What is the hundred millions digit of 2241842844?
2
What is the units digit of 100907337?
7
What is the ten thousands digit of 71388331?
8
What is the ten thousands digit of 93351229?
5
What is the thousands digit of 202052401?
2
What is the billions digit of 6956071826?
6
What is the hundreds digit of 53561200?
2
What is the hundred thousands digit of 7077132308?
1
What is the hundred thousands digit of 90347445?
3
What is the ten thousands digit of 127718031?
1
What is the millions digit of 246859186?
6
What is the units digit of 379817203?
3
What is the ten thousands digit of 205943605?
4
What is the ten millions digit of 2452041584?
5
What is the hundreds digit of 40646394?
3
What is the hundreds digit of 307701376?
3
What is the ten thousands digit of 98615835?
1
What is the thousands digit of 1152615765?
5
What is the ten millions digit of 66074452?
6
What is the ten thousands digit of 42168378?
6
What is the ten millions digit of 840277326?
4
What is the units digit of 164094313?
3
What is the ten millions digit of 19586366?
1
What is the hundred millions digit of 5028546288?
0
What is the hundred thousands digit of 5019803373?
8
What is the hundred thousands digit of 54285734?
2
What is the millions digit of 9181718?
9
What is the hundred thousands digit of 185272758?
2
What is the hundred millions digit of 2656566752?
6
What is the millions digit of 393446815?
3
What is the units digit of 3347308663?
3
What is the millions digit of 507171054?
7
What is the units digit of 78693149?
9
What is the millions digit of 1364271718?
4
What is the tens digit of 475232184?
8
What is the hundred thousands digit of 6474480621?
4
What is the hundreds digit of 101544144?
1
What is the hundred millions digit of 3387271704?
3
What is the units digit of 885294416?
6
What is the hundred millions digit of 720388740?
7
What is the ten thousands digit of 206533213?
3
What is t